s digit of 2654255158?
5
What is the ten thousands digit of 64505965?
0
What is the ten millions digit of 22725530?
2
What is the ten thousands digit of 163002146?
0
What is the millions digit of 3263151173?
3
What is the thousands digit of 1496083989?
3
What is the hundred millions digit of 1091057913?
0
What is the ten thousands digit of 1164144496?
4
What is the ten thousands digit of 53274607?
7
What is the hundred millions digit of 327100508?
3
What is the tens digit of 2343094427?
2
What is the ten thousands digit of 127825157?
2
What is the thousands digit of 21740830?
0
What is the ten millions digit of 52593249?
5
What is the ten millions digit of 42750343?
4
What is the hundred millions digit of 164445318?
1
What is the billions digit of 6828388584?
6
What is the millions digit of 17139022?
7
What is the thousands digit of 2959087328?
7
What is the hundred thousands digit of 16996844?
9
What is the hundred thousands digit of 1377621551?
6
What is the millions digit of 50274025?
0
What is the units digit of 103146353?
3
What is the thousands digit of 60855797?
5
What is the hundred millions digit of 372712986?
3
What is the hundreds digit of 8791143?
1
What is the ten millions digit of 84636015?
8
What is the ten thousands digit of 81924141?
2
What is the billions digit of 1521265385?
1
What is the units digit of 19324032?
2
What is the tens digit of 3167658131?
3
What is the hundred millions digit of 195024051?
1
What is the units digit of 3755746694?
4
What is the units digit of 210177775?
5
What is the millions digit of 5017651837?
7
What is the tens digit of 796942614?
1
What is the ten millions digit of 2960549747?
6
What is the tens digit of 5363592892?
9
What is the tens digit of 633244708?
0
What is the hundred thousands digit of 2889536?
8
What is the billions digit of 1927189306?
1
What is the millions digit of 317675571?
7
What is the units digit of 1126568138?
8
What is the ten millions digit of 347168804?
4
What is the hundred millions digit of 1558637662?
5
What is the hundreds digit of 89682974?
9
What is the ten thousands digit of 30621120?
2
What is the hundred thousands digit of 5680519253?
5
What is the ten millions digit of 501189525?
0
What is the hundred thousands digit of 447916568?
9
What is the ten millions digit of 48366937?
4
What is the hundred thousands digit of 2745398161?
3
What is the ten millions digit of 213055446?
1
What is the hundred thousands digit of 5870854?
8
What is the tens digit of 7591850?
5
What is the thousands digit of 658292308?
2
What is the tens digit of 98997143?
4
What is the ten millions digit of 77331329?
7
What is the tens digit of 388450553?
5
What is the hundred millions digit of 2037846330?
0
What is the units digit of 104138461?
1
What is the ten thousands digit of 156761778?
6
What is the units digit of 106555041?
1
What is the thousands digit of 31034921?
4
What is the thousands digit of 1822734927?
4
What is the tens digit of 36152775?
7
What is the units digit of 2180292126?
6
What is the ten thousands digit of 61437803?
3
What is the thousands digit of 132606945?
6
What is the ten millions digit of 54061670?
5
What is the ten thousands digit of 919263439?
6
What is the tens digit of 3615927583?
8
What is the millions digit of 55409629?
5
What is the hundred millions digit of 298794112?
2
What is the millions digit of 304015520?
4
What is the tens digit of 380154611?
1
What is the hundreds digit of 767026885?
8
What is the units digit of 5336869645?
5
What is the thousands digit of 89466874?
6
What is the thousands digit of 108160670?
0
What is the ten millions digit of 3810755685?
1
What is the hundred thousands digit of 21101250?
1
What is the tens digit of 59664776?
7
What is the thousands digit of 537663790?
3
What is the thousands digit of 46601788?
1
What is the hundred millions digit of 119619675?
1
What is the thousands digit of 781640502?
0
What is the hundreds digit of 798630127?
1
What is the millions digit of 836594846?
6
What is the hundred thousands digit of 567507658?
5
What is the hundred thousands digit of 43666357?
6
What is the ten millions digit of 36951876?
3
What is the ten thousands digit of 354239391?
3
What is the ten millions digit of 299757325?
9
What is the hundred millions digit of 5358805031?
3
What is the ten millions digit of 1557855468?
5
What is the thousands digit of 49643605?
3
What is the tens digit of 410496917?
1
What is the units digit of 104253443?
3
What is the tens digit of 1709328594?
9
What is the ten millions digit of 2883906797?
8
What is the millions digit of 44759162?
4
What is the millions digit of 56357721?
6
What is the millions digit of 46203704?
6
What is the hundreds digit of 110447493?
4
What is the hundred thousands digit of 3328726957?
7
What is the ten millions digit of 789346836?
8
What is the ten millions digit of 205864306?
0
What is the tens digit of 2470140459?
5
What is the units digit of 66985235?
5
What is the thousands digit of 62009894?
9
What is the units digit of 1485487628?
8
What is the hundred millions digit of 8909930961?
9
What is the ten thousands digit of 4940166082?
6
What is the hundred millions digit of 110894538?
1
What is the hundreds digit of 65499237?
2
What is the thousands digit of 142510159?
0
What is the units digit of 463224221?
1
What is the tens digit of 306607169?
6
What is the hundreds digit of 2369034516?
5
What is the units digit of 6833637297?
7
What is the ten millions digit of 946310600?
4
What is the ten millions digit of 2370084311?
7
What is the hundreds digit of 139890681?
6
What is the thousands digit of 51375609?
5
What is the tens digit of 243746781?
8
What is the hundred millions digit of 862681682?
8
What is the ten thousands digit of 32359035?
5
What is the millions digit of 306483696?
6
What is the hundred millions digit of 356125404?
3
What is the ten thousands digit of 28184439?
8
What is the ten millions digit of 2996720151?
9
What is the ten thousands digit of 37585306?
8
What is the thousands digit of 1058391?
8
What is the ten millions digit of 27232503?
2
What is the tens digit of 687992320?
2
What is the hundred thousands digit of 809600696?
6
What is the tens digit of 449948917?
1
What is the hundreds digit of 273333577?
5
What is the hundred thousands digit of 802589295?
5
What is the thousands digit of 206710549?
0
What is the hundred thousands digit of 34369576?
3
What is the millions digit of 752939495?
2
What is the hundred thousands digit of 3917779?
9
What is the thousands digit of 1020930072?
0
What is the ten thousands digit of 2402326379?
2
What is the hundred thousands digit of 799102827?
1
What is the ten thousands digit of 2237769964?
6
What is the hundred thousands digit of 226098699?
0
What is the ten thousands digit of 1987811191?
1
What is the hundreds digit of 892579139?
1
What is the ten millions digit of 34955855?
3
What is the hundred millions digit of 349807319?
3
What is the ten thousands digit of 334395894?
9
What is the ten thousands digit of 135122095?
2
What is the units digit of 486259773?
3
What is the tens digit of 660927127?
2
What is the tens digit of 284740205?
0
What is the ten millions digit of 49374029?
4
What is the ten millions digit of 902022786?
0
What is the units digit of 531855230?
0
What is the hundred millions digit of 287133377?
2
What is the ten millions digit of 64869881?
6
What is the ten millions digit of 375431396?
7
What is the hundreds digit of 168245452?
4
What is the hundred thousands digit of 65715545?
7
What is the ten thousands digit of 68586434?
8
What is the ten thousands digit of 566544506?
4
What is the units digit of 327330109?
9
What is the hundred thousands digit of 314179605?
1
What is the ten thousands digit of 41323696?
2
What is the hundred thousands digit of 299709743?
7
What is the ten thousands digit of 20907103?
0
What is the hundred thousands digit of 51357614?
3
What is the hundred thousands digit of 304007391?
0
What is the tens digit of 733933299?
9
What is the units digit of 176104886?
6
What is the tens digit of 2578126101?
0
What is the units digit of 497610611?
1
What is the thousands digit of 770028476?
8
What is the units digit of 98727156?
6
What is the tens digit of 